he prime factors of (1416/o - 2)/(56/(-140))?
359
Let b(t) = 4*t**2 + 30*t + 2. Suppose -216 = -2*c - 2*y, 5*y - 434 = -4*c - 0*c. Let p be c/(-8) + (-10)/(-8). List the prime factors of b(p).
2, 109
Let n(g) = -19*g + 10*g + 2*g**3 + 4*g + 12*g**2 - 10 + 5*g. List the prime factors of n(7).
2, 79
Let n(k) be the second derivative of k**3 - 21*k**2/2 - 36*k. Let o be n(6). What are the prime factors of 2/(-5) + 4 + 816/o?
2, 29
Suppose 30 = -8*p + 18*p. Suppose 23 = p*m - 115. Let j = m - 39. What are the prime factors of j?
7
Suppose -2*f + 5*v + 64123 = 0, -13706 = 5*f - 4*v - 174022. What are the prime factors of f?
2, 3, 167
Suppose 3*r - 199 = 509. Let q = r - 54. What are the prime factors of q?
2, 7, 13
Let i(o) = o**3 - o + 81. Let l be i(0). Suppose 4*n - l = 103. Suppose 20 = 2*f + 5*s, 3*f = -4*s - 9 + n. List the prime factors of f.
3, 5
Let l(b) = -3392*b - 200. List the prime factors of l(-5).
2, 5, 419
Let t = 694 + -186. What are the prime factors of t - (0/(-7) + 6)?
2, 251
Suppose 0 = 2*g + w - 1253 - 3514, 0 = -g + w + 2376. What are the prime factors of g?
2381
Let b(v) = 2*v**2 + 36*v + 3. Let g be b(-18). Suppose -139 = -10*x + 161. What are the prime factors of (g/2)/(x/4780)?
239
Let q(p) = p + 5. Let o be q(1). List the prime factors of (-1 - (-42)/12)*o.
3, 5
List the prime factors of (-2 - (-4234)/4)/((-145)/(-870)).
3, 2113
Let c = 16816 + -4717. What are the prime factors of c?
3, 37, 109
Suppose 0 = 5*y - 4*c - 59280, -2*y + 10036 + 13679 = -c. List the prime factors of y.
2, 5, 593
Let z be -4086*(-7)/14 + 2. List the prime factors of (24/(-48))/(-3 - z/(-682)).
11, 31
Suppose 60 + 39 = 11*f. Suppose -f*n - 2232 = -15*n. What are the prime factors of n?
2, 3, 31
Let f(c) = c**2 + 3*c + 1. Let t be f(-2). Let i = 6 + t. Suppose i*r - 280 = -75. List the prime factors of r.
41
Let f(j) = -5*j**2 - 3*j - 5. Let p(k) = -9*k**2 - 7*k - 10. Let b(h) = 7*f(h) - 4*p(h). Suppose 9*t + 105 = 15. List the prime factors of b(t).
5, 7
Suppose -1008804 - 468619 = -65*w + 2584557. List the prime factors of w.
2, 17, 919
List the prime factors of 2/(-2 + 8 + (-2618968)/436502).
19841
Suppose 2*r + 432 = 18*r. Let a(w) = -w**3 - 5*w**2 + 7*w - 8. Let o be a(-7). Let n = o - r. List the prime factors of n.
2, 7
Let x be (-4)/(-6)*(-18)/(-12)*-2. Let t be x + (0/(-1) - 463). Let j = -267 - t. List the prime factors of j.
2, 3, 11
Let f(k) = -17*k**3 + 3*k**2 - 44*k - 18. What are the prime factors of f(-8)?
2, 5, 13, 71
Let s(n) = 62718*n**2 - 492*n + 493. List the prime factors of s(1).
19, 3301
Let i(w) = w**3 + 7*w**2 - 14*w + 10. Let f be 8/4*(1 - 0). Suppose -2*h - 26 = h - f*b, 5*h + 3*b = -37. List the prime factors of i(h).
2, 29
Let g = -44 - -44. Let p(y) = y**3 + 3*y**2 - y + 2. Let h be p(g). List the prime factors of h + -3 + 68 + 4.
71
Suppose -8*b = -823 - 497. What are the prime factors of (12177/b)/((-1)/(-5))?
3, 41
Let q = -6141 + 36738. List the prime factors of q/70 - (-2)/(-20).
19, 23
Let u = 17 + -10. Let b = u - 76. List the prime factors of (-4)/6 + 0 + (-2530)/b.
2, 3
Suppose 0 = -3*z - 141 - 75. What are the prime factors of -8*((-162)/16 - 9/z)?
2, 5
Let v(f) be the second derivative of 13*f**4/3 + 3*f**3 + 36*f**2 - 193*f. List the prime factors of v(-5).
2, 641
Let f(h) = 2*h**2 + 11*h + 39. List the prime factors of f(9).
2, 3, 5
Let m(b) = 1 + 4 - 6 - 13 + 188*b. List the prime factors of m(2).
2, 181
Suppose 132 = 8*k - 92. Let p = 26 - k. Let o(h) = -12*h**3 - 4*h**2 - 2*h + 2. List the prime factors of o(p).
2, 43
Let j(n) = -n**3 - 7*n**2 - 1795*n + 14*n**2 + 1796*n. Let m be j(4). Let o = m + 28. What are the prime factors of o?
2, 5
Let l be 5 + 54/((-30)/5) - -541. Let w = -290 + l. List the prime factors of w.
13, 19
Suppose -2 - 40 = 6*z. Let d be ((5 - 2) + z)*6/(-8). Suppose 5*q = d*n - 195 - 225, 3*n - 426 = 3*q. What are the prime factors of n?
5, 29
Let x(i) be the second derivative of -2*i**4 + 3*i**3 - 9*i**2 - 16*i. Let h be x(8). What are the prime factors of ((-3)/(-6))/(((-5)/h)/1)?
3, 47
Let n be (-40)/(-21) - (-6)/63. Suppose 0 = -3*r + m + 2196, n*m - 1233 = 3*r - 3429. List the prime factors of r.
2, 3, 61
Let l(d) be the third derivative of d**5/60 - d**4/4 - 2*d**3/3 - 4*d**2. Let x be l(7). List the prime factors of 127/(x*(-3)/(-9)).
127
Let m = 991 - 346. Suppose f - 5*x + 6*x = m, -3*x + 2576 = 4*f. What are the prime factors of f?
641
Let l(v) = -v**2 + 9*v + 6. Let a be l(9). Let w be (-3)/a*106*(1 + -2). Let g = -47 + w. List the prime factors of g.
2, 3
Let u = -2985 + 4702. What are the prime factors of u?
17, 101
Suppose 492492 = 260*m - 234*m. List the prime factors of m.
2, 3, 7, 11, 41
Let h = 47 - 30. Let i(p) be the first derivative of -p**3/3 + 25*p**2/2 - 41*p - 6. What are the prime factors of i(h)?
5, 19
Suppose a + 3*y = 460, -2*a + 6*a - 5*y - 1789 = 0. What are the prime factors of (-7)/((-7)/a) - -2?
3, 151
Let g(m) = 22*m - 16. Let x(b) = 2*b. Let i(l) = g(l) - 4*x(l). Let j be i(-21). Let p = j + 569. List the prime factors of p.
7, 37
Let q(a) = -46*a**3 + 2*a**2 + a - 3. Suppose -7*v + 5*v = 4. Let p be q(v). Let z = 550 - p. List the prime factors of z.
179
What are the prime factors of (3/5)/((-101)/(-186850))?
2, 3, 5, 37
Suppose 0 = 2*n - 2*i - 3*i - 8627, 5*n + 4*i = 21551. List the prime factors of n.
3, 479
Suppose -31*h - 5*h + 75276 = 0. Let p = 3468 - h. What are the prime factors of p?
3, 17
Suppose 3*a = -2*c + 130, 0 = 4*a - 5*c - 64 - 117. Let x = 121 + -217. Let p = a - x. List the prime factors of p.
2, 5, 7
Suppose -42*z - 5*z = 59*z - 437462. What are the prime factors of z?
4127
What are the prime factors of -8 - -3*(-7 + 6) - -12671?
2, 3, 5, 211
Suppose -2134800 = 395*f - 440*f. List the prime factors of f.
2, 5, 593
Suppose 0 = -5*t + 20, 0 = 3*f - 8*f + t + 76. Suppose -17*m + f = -16*m. List the prime factors of (-2 - 20/(-4))/(3/m).
2
Let p(b) = b**3 + 11*b**2 + 10*b + 2. Let n be p(-10). Suppose 0 = 9*i + n*i - 44. Suppose 0 = i*k - 510 - 178. What are the prime factors of k?
2, 43
Let g(h) = -17*h + 23. Let a = -32 + 38. Let c be g(a). Let u = 155 + c. List the prime factors of u.
2, 19
Let k(t) = 1845*t**2 - 41*t - 140. What are the prime factors of k(-3)?
2, 11, 13, 29
Let i(w) be the second derivative of -5*w**3/2 + 131*w**2 + 8*w - 10. List the prime factors of i(-12).
2, 13, 17
Let q be (76/(-6))/(25/225). List the prime factors of (-4)/38*1 + (-89274)/q.
3, 29
Suppose 0 = 4*t - 2*m - 143564 - 307094, -m = -4*t + 450659. What are the prime factors of (-4)/(-26) + t/377?
13, 23
Let k(o) = o**2 - 1299. What are the prime factors of k(-66)?
3, 1019
Let s = 230 - 155. Suppose -650 = 3*f - 5*g, 5*f = 4*g + s - 1141. List the prime factors of f/(-9)*(-27)/(-24)*4.
3, 5, 7
Suppose 21*z - 22992 - 173757 = 0. List the prime factors of z.
3, 347
Let t(h) = 183*h**2 + 30*h + 491. What are the prime factors of t(-12)?
71, 373
Suppose -341*d = -338*d + 12*b - 190464, 4*d = 5*b + 253931. What are the prime factors of d?
2, 59, 269
Let b = 138 + -224. Let f = -82 - b. Suppose 5*t - 195 = -f*d, -5*t - 210 = -5*d - 0*t. List the prime factors of d.
3, 5
Suppose 8*l - 70229 + 4549 = 0. Suppose -11*b = -3318 - l. List the prime factors of b.
2, 131
Let x(t) = 20*t**2 + 65*t - 1359. What are the prime factors of x(19)?
2, 887
Suppose 119*x - 123*x + 233396 = 3*r, -2*x = -5*r - 116750. List the prime factors of x.
5, 11, 1061
Let h(t) = t**3 - 6*t**2 - 16*t + 10. Let s be h(9). Let i = s - 106. Suppose 5*z + p = 1115, 3*z + i*p - 686 = -p. List the prime factors of z.
2, 3, 37
Suppose 19*t - 900 = 9*t. List the prime factors of (5/(t/24))/((-2)/(-336)).
2, 7
Suppose 7011 = 13*u - 2323. Let d = u + -383. Suppose v + 14 = -4*y + 149, 0 = -3*v + 2*y + d. What are the prime factors of v?
5, 23
Let h(i) = 762*i**3 + 5*i - 1. What are the prime factors of h(1)?
2, 383
Let o(k) = 852*k + 1613. What are the prime factors of o(19)?
7, 2543
Let g(l) = -l**3 - 6*l**2 + l + 6. Let y = -23 + 17. Let t be g(y). Suppose p - 33 - 89 = t. List the prime factors of p.
2, 61
Suppose -z + 4*z - 2 = -s, -2*z + 3 = -s. List the prime factors of z*(-5 + -2591)/(-4).
11, 59
Let o be (24024/(-16))/3*-4. Suppose 1277 = 2*n + 5*m, -4*n + 559 + o = 3*m. What 